d 491624.
7
What is the highest common divisor of 3675836 and 1184?
4
Calculate the highest common divisor of 9900954 and 5670.
1134
What is the highest common divisor of 1022798 and 17458?
602
What is the greatest common factor of 3291434 and 3865?
773
What is the highest common divisor of 1830 and 21538185?
915
Calculate the highest common factor of 185 and 12065737.
37
Calculate the greatest common factor of 58059 and 8.
1
What is the greatest common divisor of 6143592 and 280?
56
What is the greatest common divisor of 67440 and 45456?
48
What is the greatest common divisor of 16048 and 138119?
59
Calculate the greatest common divisor of 1644 and 358764.
12
What is the greatest common divisor of 2673862 and 986?
34
What is the highest common factor of 15 and 23080224?
3
Calculate the greatest common factor of 3700 and 22856380.
740
Calculate the greatest common divisor of 9135810 and 13860.
90
Calculate the greatest common factor of 9421875 and 51125.
125
Calculate the highest common divisor of 11820 and 172035.
15
What is the highest common divisor of 113796 and 69252?
348
Calculate the greatest common divisor of 10220 and 150140.
20
What is the highest common factor of 1099208 and 3608?
88
Calculate the greatest common divisor of 8868702 and 8586.
318
Calculate the highest common divisor of 8 and 306726676.
4
Calculate the highest common factor of 13523262 and 2758.
394
Calculate the greatest common divisor of 2141422 and 918.
34
Calculate the highest common factor of 837 and 998789.
31
What is the highest common divisor of 120717 and 3645?
27
What is the highest common factor of 101 and 60697869?
101
Calculate the greatest common divisor of 4760 and 9688.
56
What is the greatest common divisor of 178 and 123140133?
89
Calculate the highest common divisor of 165136 and 90416.
16
What is the highest common divisor of 8938 and 81262?
82
What is the greatest common divisor of 594 and 21204612?
594
Calculate the highest common divisor of 8657922 and 2041.
2041
What is the highest common factor of 30976 and 84546?
22
Calculate the greatest common factor of 4779 and 173097.
81
Calculate the greatest common factor of 2368945 and 65.
5
Calculate the highest common factor of 2384863 and 208.
13
What is the highest common divisor of 260078 and 11193?
91
Calculate the greatest common factor of 15708 and 285226.
34
What is the greatest common factor of 1670 and 4083818?
334
What is the greatest common factor of 1112100114 and 17076?
8538
Calculate the greatest common factor of 74911200 and 1050.
1050
Calculate the highest common factor of 1553784 and 16766.
202
What is the greatest common divisor of 142048 and 40848?
368
Calculate the greatest common factor of 3696 and 36384480.
528
Calculate the highest common divisor of 715293 and 3149.
47
What is the greatest common factor of 3984312 and 72?
24
Calculate the greatest common factor of 656 and 111432055.
41
Calculate the highest common factor of 5882 and 75990.
34
What is the greatest common divisor of 9685 and 7319065?
65
What is the greatest common divisor of 275 and 1969802725?
275
Calculate the greatest common divisor of 213752 and 3773.
77
What is the highest common factor of 370 and 3016498630?
370
Calculate the highest common divisor of 939 and 12781042.
313
Calculate the greatest common divisor of 939 and 11378489.
313
What is the greatest common divisor of 1463091 and 296169?
807
Calculate the highest common divisor of 4512 and 1334464608.
4512
Calculate the highest common factor of 83 and 241191277.
83
Calculate the highest common factor of 3904356 and 816.
204
What is the highest common divisor of 39 and 18148169?
13
Calculate the highest common factor of 11505261 and 111.
111
What is the greatest common divisor of 260865 and 1649?
17
What is the greatest common factor of 22940617 and 148288?
2317
Calculate the highest common factor of 231 and 37611343.
77
Calculate the highest common factor of 5530142 and 32058.
274
Calculate the highest common divisor of 1808 and 2354468.
452
What is the highest common factor of 665 and 115725257?
19
Calculate the greatest common factor of 5778504 and 527.
17
Calculate the greatest common divisor of 3994694 and 68.
34
Calculate the greatest common factor of 5737 and 2012.
1
Calculate the greatest common divisor of 17 and 299985944.
17
What is the greatest common factor of 5225 and 37027903?
209
What is the highest common factor of 8160016 and 11248?
16
What is the greatest common factor of 624 and 447864?
24
What is the highest common divisor of 5643 and 1158025?
11
What is the greatest common factor of 3535 and 2232605?
505
What is the greatest common divisor of 160132 and 19208?
196
What is the highest common divisor of 6726 and 504754?
38
Calculate the highest common factor of 20638 and 3366.
34
What is the greatest common divisor of 54148 and 65908?
4
What is the highest common factor of 5392620 and 540?
180
What is the greatest common divisor of 6366 and 16314?
6
What is the highest common divisor of 1188 and 34591482?
54
Calculate the greatest common factor of 33005169 and 3.
3
What is the highest common factor of 46040768 and 15664?
1424
What is the greatest common factor of 1300234 and 3654146?
2326
Calculate the highest common factor of 7182940 and 20.
20
What is the highest common divisor of 920 and 13486970?
230
Calculate the greatest common divisor of 169998 and 2117.
29
Calculate the highest common divisor of 1752 and 20446872.
24
What is the highest common divisor of 1872 and 50179896?
936
Calculate the greatest common factor of 7456 and 62752.
32
What is the highest common divisor of 1726 and 209853121?
863
What is the highest common divisor of 60 and 149308860?
60
Calculate the highest common factor of 21762 and 19189248.
2418
What is the greatest common factor of 440721506 and 11402?
11402
What is the highest common divisor of 247500 and 18513?
99
Calculate the greatest common divisor of 848934 and 2133.
2133
What is the greatest common divisor of 2828206 and 7178?
74
What is the greatest common divisor of 1055 and 1728695?
5
What is the greatest common factor of 27710963 and 41237?
301
Calculate the greatest common divisor of 6348487 and 1199.
109
What is the greatest common divisor of 1197 and 938259?
63
Calculate the highest common divisor of 7133848 and 376.
376
Calculate the greatest common divisor of 1331007 and 247029.
3687
What is the highest common factor of 1524 and 26790396?
1524
What is the highest common divisor of 245584744 and 382?
382
What is the highest common divisor of 35424 and 2425032?
216
Calculate the highest common factor of 20928 and 17194096.
1744
Calculate the greatest common factor of 4331303 and 2434.
1217
What is the greatest common factor of 4282707 and 56173?
1937
What is the greatest common factor of 12863370 and 2535?
195
What is the highest common factor of 7576 and 41185030?
1894
Calculate the highest common divisor of 1232928 and 54.
54
What is the greatest common divisor of 118118974 and 58526?
4502
Calculate the greatest common factor of 33 and 223635137.
11
What is the greatest common factor of 8 and 381737204?
4
What is the highest common divisor of 278989410 and 60?
30
Calculate the greatest common divisor of 2758940765 and 3955.
3955
What is the greatest common factor of 27181 and 2204132?
2471
What is the greatest common factor of 273 and 2935065?
21
What is the highest common divisor of 122326551 and 1887?
111
Calculate the greatest common factor of 24624209 and 76.
19
Calculate the highest common factor of 159189 and 146875.
47
What is the greatest common divisor of 2851868799 and 78?
39
What is the greatest common factor of 22729341 and 22137?
141
Calculate the highest common factor of 856750 and 2530.
230
What is the greatest common factor of 3977150 and 646?
34
Calculate the greatest common factor of 28101 and 1223133.
1479
Calculate the highest common divisor of 2133471 and 94.
47
What is the greatest common divisor of 1867654 and 652?
326
What is the highest common divisor of 20229889 and 38?
19
What is the greatest common divisor of 120 and 29349768?
24
Calculate the greatest common divisor of 1186878407 and 299.
299
Calculate the highest common divisor of 247624062 and 714.
42
Ca